{"id":39,"date":"2011-07-28T14:40:40","date_gmt":"2011-07-28T12:40:40","guid":{"rendered":"https:\/\/cinema.family-steiner.com\/?page_id=39"},"modified":"2025-07-13T12:11:19","modified_gmt":"2025-07-13T10:11:19","slug":"open-air-cinema","status":"publish","type":"page","link":"https:\/\/cousin.family-steiner.com\/","title":{"rendered":"Cousinen &amp; Cousin Treffen der Allemannkinder"},"content":{"rendered":"\n<p class=\"has-text-align-center\">Liebe Cousinen, Cousins und Verwandte<br>Das Cousinen &amp; Cousin Treffen am 21. September 2025 findet in Zollikofen im sch\u00f6nen Bernbiet statt.<\/p>\n\n\n\n<p class=\"has-text-align-center\"><strong>Standort<\/strong>:<br>Der Standort ist noch wetterabh\u00e4ngig und wird kurz vor dem Event bekanntgegeben (Sch\u00f6nwetter: in unserem Garten in Zollikofen (<a href=\"https:\/\/maps.app.goo.gl\/oPdF84PS5W2aC1sM7\">LINK<\/a>), Schlechtwetter: Freizeithaus Meielen Zollikofen)<\/p>\n\n\n\n<p class=\"has-text-align-center\"><strong>Ablauf<\/strong>:<br>Eintreffen um ca. 11:00, Apero<br>BBQ und gem\u00fctliches Beisammensein ab ca. 12:00<\/p>\n\n\n\n<p class=\"has-text-align-center\"><strong>Essen<\/strong>:<br>Grillade &#8211; wobei jeder selber sein Fleisch mitbringt. Getr\u00e4nke, Beilagen und Dessert stehen zur Verf\u00fcgung, wobei wir um Unterst\u00fctzung dankbar sind (siehe&nbsp;<a href=\"https:\/\/cousin.family-steiner.com\/?page_id=130\">Anmeldung<\/a>).<br><\/p>\n\n\n\n<p class=\"has-text-align-center\"><strong>F\u00fcr die Planung sind wir auf eure Anmeldung angewiesen: bitte&nbsp;<a href=\"https:\/\/cousin.family-steiner.com\/?page_id=130\">HIER&nbsp;<\/a>anmelden<br><\/strong><\/p>\n\n\n\n<p class=\"has-text-align-center\">Wir freuen uns auf euch!<\/p>\n\n\n\n<p class=\"has-text-align-center\">Liebe Gr\u00fcsse,<br>Sibylle, J\u00fcrg, Fabien &amp; No\u00e9<\/p>\n\n\n\n<p class=\"has-text-align-center\"><\/p>\n\n\n\n<p><\/p>\n\n\n\n<p><\/p>\n","protected":false},"excerpt":{"rendered":"<p>Liebe Cousinen, Cousins und VerwandteDas Cousinen &amp; Cousin Treffen am 21. September 2025 findet in Zollikofen im sch\u00f6nen Bernbiet statt. Standort:Der Standort ist noch wetterabh\u00e4ngig und wird kurz vor dem Event bekanntgegeben (Sch\u00f6nwetter: in unserem Garten in Zollikofen (LINK), Schlechtwetter: &hellip; <a href=\"https:\/\/cousin.family-steiner.com\/\">Continue reading <span class=\"meta-nav\">&rarr;<\/span><\/a><\/p>\n","protected":false},"author":1,"featured_media":0,"parent":0,"menu_order":0,"comment_status":"closed","ping_status":"closed","template":"","meta":{"footnotes":""},"class_list":["post-39","page","type-page","status-publish","hentry"],"_links":{"self":[{"href":"https:\/\/cousin.family-steiner.com\/index.php?rest_route=\/wp\/v2\/pages\/39","targetHints":{"allow":["GET"]}}],"collection":[{"href":"https:\/\/cousin.family-steiner.com\/index.php?rest_route=\/wp\/v2\/pages"}],"about":[{"href":"https:\/\/cousin.family-steiner.com\/index.php?rest_route=\/wp\/v2\/types\/page"}],"author":[{"embeddable":true,"href":"https:\/\/cousin.family-steiner.com\/index.php?rest_route=\/wp\/v2\/users\/1"}],"replies":[{"embeddable":true,"href":"https:\/\/cousin.family-steiner.com\/index.php?rest_route=%2Fwp%2Fv2%2Fcomments&post=39"}],"version-history":[{"count":197,"href":"https:\/\/cousin.family-steiner.com\/index.php?rest_route=\/wp\/v2\/pages\/39\/revisions"}],"predecessor-version":[{"id":997,"href":"https:\/\/cousin.family-steiner.com\/index.php?rest_route=\/wp\/v2\/pages\/39\/revisions\/997"}],"wp:attachment":[{"href":"https:\/\/cousin.family-steiner.com\/index.php?rest_route=%2Fwp%2Fv2%2Fmedia&parent=39"}],"curies":[{"name":"wp","href":"https:\/\/api.w.org\/{rel}","templated":true}]}}